{"id":5486,"date":"2021-05-13T17:18:41","date_gmt":"2021-05-13T17:18:41","guid":{"rendered":"https:\/\/casadasgeladeiras.com.br\/?post_type=product&#038;p=5486"},"modified":"2026-03-19T14:08:43","modified_gmt":"2026-03-19T14:08:43","slug":"bomba-de-vacuo-eolo-5-cfm-simples-estagio-bivolt","status":"publish","type":"product","link":"https:\/\/casadasgeladeiras.com.br\/index.php\/product\/bomba-de-vacuo-eolo-5-cfm-simples-estagio-bivolt\/","title":{"rendered":"Bomba De V\u00e1cuo EOLO 5 CFM Simples Est\u00e1gio Bivolt"},"content":{"rendered":"","protected":false},"excerpt":{"rendered":"<p>Equipamento respons\u00e1vel por efetuar v\u00e1cuo em sistemas de refrigera\u00e7\u00e3o;<\/p>\n<p>Acompanha 600 ml de \u00f3leo para bomba de v\u00e1cuo;<\/p>\n","protected":false},"featured_media":5487,"comment_status":"open","ping_status":"closed","template":"","meta":[],"product_cat":[230],"product_tag":[],"_links":{"self":[{"href":"https:\/\/casadasgeladeiras.com.br\/index.php\/wp-json\/wp\/v2\/product\/5486"}],"collection":[{"href":"https:\/\/casadasgeladeiras.com.br\/index.php\/wp-json\/wp\/v2\/product"}],"about":[{"href":"https:\/\/casadasgeladeiras.com.br\/index.php\/wp-json\/wp\/v2\/types\/product"}],"replies":[{"embeddable":true,"href":"https:\/\/casadasgeladeiras.com.br\/index.php\/wp-json\/wp\/v2\/comments?post=5486"}],"wp:featuredmedia":[{"embeddable":true,"href":"https:\/\/casadasgeladeiras.com.br\/index.php\/wp-json\/wp\/v2\/media\/5487"}],"wp:attachment":[{"href":"https:\/\/casadasgeladeiras.com.br\/index.php\/wp-json\/wp\/v2\/media?parent=5486"}],"wp:term":[{"taxonomy":"product_cat","embeddable":true,"href":"https:\/\/casadasgeladeiras.com.br\/index.php\/wp-json\/wp\/v2\/product_cat?post=5486"},{"taxonomy":"product_tag","embeddable":true,"href":"https:\/\/casadasgeladeiras.com.br\/index.php\/wp-json\/wp\/v2\/product_tag?post=5486"}],"curies":[{"name":"wp","href":"https:\/\/api.w.org\/{rel}","templated":true}]}}